{"id":7,"date":"2014-07-01T13:55:39","date_gmt":"2014-07-01T13:55:39","guid":{"rendered":"http:\/\/freddoa.com\/new\/?page_id=7"},"modified":"2018-06-13T16:37:48","modified_gmt":"2018-06-13T16:37:48","slug":"advogados","status":"publish","type":"page","link":"https:\/\/freddoa.com\/index.php\/advogados\/","title":{"rendered":"Advogados"},"content":{"rendered":"<p><script src=\"http:\/\/ajax.googleapis.com\/ajax\/libs\/jquery\/1.4.2\/jquery.min.js\" type=\"text\/javascript\"><\/script><\/p>\n<p><a href=\"https:\/\/freddoa.com\/wp-content\/uploads\/2015\/02\/puc2.png\"><img loading=\"lazy\" decoding=\"async\" class=\"aligncenter size-full wp-image-279\" src=\"https:\/\/freddoa.com\/wp-content\/uploads\/2015\/02\/puc2.png\" alt=\"puc\" width=\"1000\" height=\"200\" srcset=\"https:\/\/freddoa.com\/wp-content\/uploads\/2015\/02\/puc2.png 1000w, https:\/\/freddoa.com\/wp-content\/uploads\/2015\/02\/puc2-300x60.png 300w\" sizes=\"(max-width: 1000px) 100vw, 1000px\" \/><\/a><\/p>\n<div style=\"position: relative; top: -20px; padding-left: 76px; padding-right: 76px; font-size: 10px; line-height: 14px;\" align=\"center\">As universidades cujas imagens aparecem aqui n\u00e3o significam nenhuma prefer\u00eancia nossa por esta ou aquela faculdade de direito.<br \/>\nS\u00e3o apenas imagens de universidades cujos nomes dispensam apresenta\u00e7\u00f5es, para servir de inspira\u00e7\u00e3o ao visitante.<\/div>\n<h2>S\u00f3cios<\/h2>\n<div class=\"accordionItem\">\n<h2>\u25ca Cl\u00e1udio Maur\u00edcio Freddo \u00a0\u00a0<span style=\"font-size: 10px;\">(LLM Columbia 2000 &#8211; Direito USP 1996 &#8211; Jornalismo ECA-USP 1991)<\/span><\/h2>\n<div>\n<p>Advogado em S\u00e3o Paulo, Cl\u00e1udio Maur\u00edcio Freddo atua nas \u00e1reas de direito administrativo, financeiro e societ\u00e1rio, com enfoque em licita\u00e7\u00f5es, <em>project finance<\/em> e contratos. Lecionou a disciplina \u201cSociedades An\u00f4nimas\u201d no Insper, em S\u00e3o Paulo. \u00c9 um dos fundadores do escrit\u00f3rio de advocacia Freddo Advogados. Freddo representou clientes em privatiza\u00e7\u00f5es significativas, incluindo CEG\/Riog\u00e1s e Terminal de Cont\u00eaineres do Porto de Santos, ambas em 1997, e empresas de telecomunica\u00e7\u00f5es do antigo sistema Telebr\u00e1s, em 1998. Prestou consultoria a clientes tamb\u00e9m em v\u00e1rias outras licita\u00e7\u00f5es. Em Bras\u00edlia, advogou perante o Superior Tribunal de Justi\u00e7a e o Conselho Administrativo de Defesa Econ\u00f4mica \u2013 CADE.Na qualidade de associado internacional do escrit\u00f3rio norte-americano <a href=\"http:\/\/www.milbank.com\/\">Milbank, Tweed, Hadley&amp;McCloy<\/a> em Nova Iorque, em 2000 e 2001, participou de opera\u00e7\u00f5es de emiss\u00e3o de <em>debt<\/em> e <em>equity<\/em> no mercado de capitais, al\u00e9m de ter atuado na representa\u00e7\u00e3o de <em>lenders<\/em> nos projetos de financiamento de Barracuda e Pescada. Entre 1997 e 1999, e em 2001 e 2002, foi associado do escrit\u00f3rio Machado, Meyer, Sendacz e Opice.<\/p>\n<p>Escreveu quinzenalmente sobre PPP no caderno \u201cFinan\u00e7as e Mercados\u201d do jornal \u201cGazeta Mercantil\u201d no per\u00edodo de 2004 a 2005.<\/p>\n<p>Cl\u00e1udio M. Freddo \u00e9 formado em direito pela <a href=\"http:\/\/www.direito.usp.br\/\">Faculdade de Direito da Universidade de S\u00e3o Paulo<\/a> (1996) e em Jornalismo pela <a href=\"http:\/\/www3.eca.usp.br\/\">Escola de Comunica\u00e7\u00f5es e Artes<\/a>, tamb\u00e9m da USP (1991). No ano de 2000 obteve o t\u00edtulo de Mestre em Direito &#8211; LLM por\u00a0<a href=\"http:\/\/www.columbia.edu\/\"><em>Columbia University<\/em><\/a>, em Nova Iorque, com enfoque em mercado de capitais. \u00c9 membro da <a href=\"http:\/\/www.oabsp.org.br\/\">OAB, Sec\u00e7\u00e3o S\u00e3o Paulo<\/a>, desde 1997. Foi bolsista da <a href=\"http:\/\/www.estudar.org.br\/\">Funda\u00e7\u00e3o Estudar<\/a> (1999) e diretor da mesma institui\u00e7\u00e3o (2003 a 2006). Fala Ingl\u00eas e Espanhol.<\/p>\n<\/div>\n<\/div>\n<div class=\"accordionItem\">\n<h2>\u25ca Emanuel de Abreu Pessoa \u00a0\u00a0<span style=\"font-size: 10px;\">(LLM Harvard 2012 &#8211; Mestrado em Direito UFC 2008 &#8211; Direito UFC 2006)<\/span><\/h2>\n<div>\n<p>Advogado em S\u00e3o Paulo e em Fortaleza, escolhido duas vezes como um dos \u201cAdvogados Mais Admirados do Cear\u00e1\u201d (2009-2010 e 2012-2013), Emanuel de Abreu Pessoa atua nas \u00e1reas de direito civil, processual civil, tribut\u00e1rio e administrativo. No Cear\u00e1, foi s\u00f3cio-gerente de Arag\u00e3o &amp; Pessoa Advogados Associados e \u00e9 atualmente Chief Financial Officer (CFO) na MOBIBAN.CO startup que lida com meios alternativos de pagamento.Com forte atua\u00e7\u00e3o acad\u00eamica, Pessoa \u00e9 professor na\u00a0<a href=\"http:\/\/portais.tjce.jus.br\/esmec\/\">Escola Superior da Magistratura do Estado do Cear\u00e1<\/a> desde 2008 no curso de especializa\u00e7\u00e3o para Ju\u00edzes e servidores do Judici\u00e1rio; e na <a href=\"http:\/\/www.ufc.br\/\">Universidade Federal do Cear\u00e1<\/a> desde 2007 nas disciplinas \u201cContratos\u201d (agosto de 2007 a junho de 2011; e de dezembro de 2012 em diante), \u201dDireitos Reais\u201d (agosto de 2007 a dezembro de 2010), \u201cDireito de Empresa\u201d (julho a dezembro de 2010), \u201cDireito Internacional Privado\u201d (fevereiro a junho de 2011) e, ainda, na disciplina \u201cDireito das Obriga\u00e7\u00f5es\u201d (fevereiro a junho de 2011).<\/p>\n<p>Emanuel de Abreu Pessoa formou-se em Direito <em>cum magna laude<\/em> pela <a href=\"http:\/\/www.ufc.br\/\">Universidade Federal do Cear\u00e1<\/a> em 2006, obtendo o t\u00edtulo de Mestre em Direito pela mesma Universidade em 2008. Em 2012 obteve outro t\u00edtulo de Mestre em Direito pela <a href=\"http:\/\/www.law.harvard.edu\/\"><em>Harvard Law School<\/em><\/a> em Cambridge, MA, nos Estados Unidos, sendo nesta ocasi\u00e3o eleito representante da turma de Mestrado de <em>Harvard<\/em> junto ao Governo Estudantil da Faculdade de Direito.<\/p>\n<p>Em 2014 iniciou o Doutorado em Direito na <a href=\"http:\/\/www.direito.usp.br\/\">Universidade de S\u00e3o Paulo<\/a>. Foi bolsista da <a href=\"http:\/\/www.estudar.org.br\/\">Funda\u00e7\u00e3o Estudar<\/a> em 2011, bolsista do <a href=\"http:\/\/www.institutoling.org.br\/\">Instituto Ling<\/a> no mesmo ano e Bolsista do <a href=\"http:\/\/www.cnpq.br\/\">Conselho Nacional de Desenvolvimento Cient\u00edfico e Tecnol\u00f3gico<\/a>, CNPq de 2006 a 2008. \u00c9 fluente em Ingl\u00eas e Espanhol.<\/p>\n<\/div>\n<\/div>\n<h2>Associados<\/h2>\n<p>Pe\u00e7a a lista completa de nossos advogados pelo endere\u00e7o do nosso <strong><a href=\"mailto:contato@freddoa.com\">e-mail<\/a><\/strong> de contato.<\/p>\n<h2><\/h2>\n<h2>Consultores<\/h2>\n<div class=\"accordionItem\">\n<h2>\u25ca Fernando de Moura Azevedo\u00a0 \u00a0<span style=\"font-size: 10px;\">(Especializa\u00e7\u00e3o em Desenvolvimento Imobili\u00e1rio USP 2008 &#8211; Direito USP 1981 &#8211; Hist\u00f3ria USP 1982)<\/span><\/h2>\n<\/div>\n<div class=\"accordionItem\">\n<div>\n<p>Advogado em S\u00e3o Paulo, Fernando de Moura Azevedo \u00e9 especialista em direito imobili\u00e1rio. Sua experi\u00eancia inclui trabalho de atendimento global na viabiliza\u00e7\u00e3o de opera\u00e7\u00f5es imobili\u00e1rias de diferentes naturezas, nas quais atua em todas as \u00e1reas correlatas necess\u00e1rias, como direito imobili\u00e1rio propriamente dito, urban\u00edstico, societ\u00e1rio, fiscal e administrativo.<\/p>\n<p>Possui s\u00f3lida experi\u00eancia em opera\u00e7\u00f5es imobili\u00e1rias de aquisi\u00e7\u00f5es e incorpora\u00e7\u00f5es, j\u00e1 tendo atuado por mais de quinze anos como chefe de departamento jur\u00eddico e assessor jur\u00eddico da presid\u00eancia de reputadas companhias construtoras e incorporadoras. Possui vasta experi\u00eancia em diversos aspectos de tais opera\u00e7\u00f5es, dirigindo e coordenando trabalhos de aquisi\u00e7\u00e3o, negocia\u00e7\u00e3o com propriet\u00e1rios e respectivos advogados, regulariza\u00e7\u00e3o e gest\u00e3o em registro de im\u00f3veis e \u00f3rg\u00e3os p\u00fablicos, incorpora\u00e7\u00f5es imobili\u00e1rias e institui\u00e7\u00e3o de condom\u00ednios.<\/p>\n<p>Fernando de Moura Azevedo \u00e9 advogado graduado pela <a href=\"http:\/\/www.direito.usp.br\/\">Faculdade de Direito da Universidade de S\u00e3o Paulo<\/a>, tamb\u00e9m licenciado e bacharel em Hist\u00f3ria, pela mesma Universidade. Especialista em Desenvolvimento Imobili\u00e1rio, tamb\u00e9m pela Universidade de S\u00e3o Paulo.<\/p>\n<\/div>\n<\/div>\n","protected":false},"excerpt":{"rendered":"<p>As universidades cujas imagens aparecem aqui n\u00e3o significam nenhuma prefer\u00eancia nossa por esta ou aquela faculdade de direito. S\u00e3o apenas imagens de universidades cujos nomes dispensam apresenta\u00e7\u00f5es, para servir de inspira\u00e7\u00e3o ao visitante. S\u00f3cios \u25ca Cl\u00e1udio Maur\u00edcio Freddo \u00a0\u00a0(LLM Columbia<\/p>\n","protected":false},"author":1,"featured_media":0,"parent":0,"menu_order":3,"comment_status":"closed","ping_status":"closed","template":"","meta":{"footnotes":""},"_links":{"self":[{"href":"https:\/\/freddoa.com\/index.php\/wp-json\/wp\/v2\/pages\/7"}],"collection":[{"href":"https:\/\/freddoa.com\/index.php\/wp-json\/wp\/v2\/pages"}],"about":[{"href":"https:\/\/freddoa.com\/index.php\/wp-json\/wp\/v2\/types\/page"}],"author":[{"embeddable":true,"href":"https:\/\/freddoa.com\/index.php\/wp-json\/wp\/v2\/users\/1"}],"replies":[{"embeddable":true,"href":"https:\/\/freddoa.com\/index.php\/wp-json\/wp\/v2\/comments?post=7"}],"version-history":[{"count":59,"href":"https:\/\/freddoa.com\/index.php\/wp-json\/wp\/v2\/pages\/7\/revisions"}],"predecessor-version":[{"id":303,"href":"https:\/\/freddoa.com\/index.php\/wp-json\/wp\/v2\/pages\/7\/revisions\/303"}],"wp:attachment":[{"href":"https:\/\/freddoa.com\/index.php\/wp-json\/wp\/v2\/media?parent=7"}],"curies":[{"name":"wp","href":"https:\/\/api.w.org\/{rel}","templated":true}]}}